{"id":516,"date":"2025-09-09T16:45:25","date_gmt":"2025-09-09T14:45:25","guid":{"rendered":"https:\/\/www.environnement48.fr\/?page_id=516"},"modified":"2025-10-27T14:55:58","modified_gmt":"2025-10-27T13:55:58","slug":"des-femmes-et-des-hommes","status":"publish","type":"page","link":"https:\/\/www.environnement48.fr\/en\/lentreprise\/des-femmes-et-des-hommes\/","title":{"rendered":"Women and men"},"content":{"rendered":"<p>Creating jobs in Loz\u00e8re is a priority of Olivier Dalle's management policy.<br>Ever since the company was set up, Olivier Dalle has constantly emphasised the need to attract people to France's least populated department, and to make Loz\u00e8re a land of welcome and experimentation.<br>Environnement Massif Central, une entreprise dot\u00e9e d\u2019un outil hautement industriel mais qui tient \u00e0 garder un ADN familial. \u00catre au plus pr\u00e8s de nos salari\u00e9s au quotidien et dans les moments charni\u00e8res de leurs vies. Des femmes et des hommes qui nous font confiance et en qui nous accordons notre confiance.<br><br>Des femmes et des hommes d\u2019\u00e2ge, d\u2019origine, de culture et de formation diff\u00e9rentes mais qui dans leurs diversit\u00e9s s\u2019appliquent \u00e0 bien vivre, \u00e0 bien travailler ensemble.<br><br>Our various business lines enable us to offer jobs to people with few qualifications and disabilities.<br><br>We are committed to social inclusion, notably in partnership with the associations Astrhalor (Association pour les Travailleurs Handicap\u00e9s Loz\u00e9riens en milieu rural) and ALOES (Association Loz\u00e9rienne Emploi Solidarit\u00e9).<br>Within our company, employees can develop their skills and progress professionally.<br><br>Men and women chosen not only for their skills, but also for who they are.<\/p>","protected":false},"excerpt":{"rendered":"<p>Cr\u00e9er de l\u2019emploi en Loz\u00e8re est une priorit\u00e9 de la politique manag\u00e9riale d\u2019Olivier Dalle.\u2028Depuis la cr\u00e9ation de l\u2019entreprise, Olivier Dalle n\u2019a cess\u00e9 de rappeler qu\u2019il fallait attirer des populations dans ce d\u00e9partement le moins peupl\u00e9 de France et faire de la Loz\u00e8re une terre d\u2019accueil et d\u2019exp\u00e9rimentation.\u2028Environnement Massif Central, une entreprise dot\u00e9e d\u2019un outil hautement [&hellip;]<\/p>","protected":false},"author":1,"featured_media":0,"parent":1823,"menu_order":0,"comment_status":"closed","ping_status":"closed","template":"","meta":{"_seopress_robots_primary_cat":"","_seopress_titles_title":"Des Femmes et des Hommes - Environnement 48","_seopress_titles_desc":"Cr\u00e9ation d'emplois et inclusivit\u00e9 : des valeurs capitale pour notre entreprise. Chez Environnement 48 l'humain est au centre de nos priorit\u00e9s.","_seopress_robots_index":"","footnotes":""},"class_list":["post-516","page","type-page","status-publish","hentry"],"_links":{"self":[{"href":"https:\/\/www.environnement48.fr\/en\/wp-json\/wp\/v2\/pages\/516","targetHints":{"allow":["GET"]}}],"collection":[{"href":"https:\/\/www.environnement48.fr\/en\/wp-json\/wp\/v2\/pages"}],"about":[{"href":"https:\/\/www.environnement48.fr\/en\/wp-json\/wp\/v2\/types\/page"}],"author":[{"embeddable":true,"href":"https:\/\/www.environnement48.fr\/en\/wp-json\/wp\/v2\/users\/1"}],"replies":[{"embeddable":true,"href":"https:\/\/www.environnement48.fr\/en\/wp-json\/wp\/v2\/comments?post=516"}],"version-history":[{"count":3,"href":"https:\/\/www.environnement48.fr\/en\/wp-json\/wp\/v2\/pages\/516\/revisions"}],"predecessor-version":[{"id":3665,"href":"https:\/\/www.environnement48.fr\/en\/wp-json\/wp\/v2\/pages\/516\/revisions\/3665"}],"up":[{"embeddable":true,"href":"https:\/\/www.environnement48.fr\/en\/wp-json\/wp\/v2\/pages\/1823"}],"wp:attachment":[{"href":"https:\/\/www.environnement48.fr\/en\/wp-json\/wp\/v2\/media?parent=516"}],"curies":[{"name":"wp","href":"https:\/\/api.w.org\/{rel}","templated":true}]}}

<p>Creating jobs in Lozère is a priority of Olivier Dalle's management policy.<br>Ever since the company was set up, Olivier Dalle has constantly emphasised the need to attract people to France's least populated department, and to make Lozère a land of welcome and experimentation.<br>Environnement Massif Central, une entreprise dotée d’un outil hautement industriel mais qui tient à garder un ADN familial. Être au plus près de nos salariés au quotidien et dans les moments charnières de leurs vies. Des femmes et des hommes qui nous font confiance et en qui nous accordons notre confiance.<br><br>Des femmes et des hommes d’âge, d’origine, de culture et de formation différentes mais qui dans leurs diversités s’appliquent à bien vivre, à bien travailler ensemble.<br><br>Our various business lines enable us to offer jobs to people with few qualifications and disabilities.<br><br>We are committed to social inclusion, notably in partnership with the associations Astrhalor (Association pour les Travailleurs Handicapés Lozériens en milieu rural) and ALOES (Association Lozérienne Emploi Solidarité).<br>Within our company, employees can develop their skills and progress professionally.<br><br>Men and women chosen not only for their skills, but also for who they are.</p>

<p>Créer de l’emploi en Lozère est une priorité de la politique managériale d’Olivier Dalle. Depuis la création de l’entreprise, Olivier Dalle n’a cessé de rappeler qu’il fallait attirer des populations dans ce département le moins peuplé de France et faire de la Lozère une terre d’accueil et d’expérimentation. Environnement Massif Central, une entreprise dotée d’un outil hautement [&hellip;]</p>

Création d'emplois et inclusivité : des valeurs capitale pour notre entreprise. Chez Environnement 48 l'humain est au centre de nos priorités.
